+ 7. Let b = -4 + n. Suppose 0*g + b*g - 87 = 0. What is the greatest common factor of 58 and g?
29
Suppose -29*y = -27*y - 3564. Calculate the greatest common divisor of y and 18.
18
Let c(p) = p - 16. Let z be c(7). Let q = 15 - z. Suppose 29*b - 27*b = q. What is the highest common factor of b and 12?
12
Let b = 87 - 82. Suppose 0 = b*d - 7*d + 70. Calculate the highest common factor of d and 14.
7
Let k = 16 + -12. Let u be (-2 - 1) + (1 + 129)/10. What is the greatest common factor of k and u?
2
Suppose 1004*d + 1078 = 1018*d. Suppose -3*x + x - q - 11 = 0, 3*q = x - 12. Let a be 6/15*(d - x). Calculate the greatest common divisor of 4 and a.
4
Suppose 0*q + 63 = 3*q. Let g(x) = 12*x + 14. Let t be g(0). What is the highest common factor of t and q?
7
Suppose -3*d - 2*n + 45 = 0, 0 = -2*n + n. Let j = d - 8. Suppose 0 = -4*v + 4, -2*v = -2*l + j*l - 67. Calculate the greatest common factor of l and 52.
13
Let y(k) = 6*k**2 + k + 8. Let t be y(-4). Suppose -5*n - t = 5*i, -i + 5*n + 1 + 3 = 0. Let d = 28 + i. What is the highest common divisor of d and 48?
12
Suppose 0 = -3*t + 13*t - 1020. What is the greatest common divisor of t and 51?
51
Let w = 34 - 15. Suppose -m + 4*m = 228. Calculate the highest common factor of w and m.
19
Let j(a) = -a**3 - 59*a**2 + 188*a + 156. Let q be j(-62). What is the highest common factor of 1184 and q?
32
Let s(v) = 24*v - 150. Let k be s(10). Calculate the greatest common factor of k and 40.
10
Let o = 9 - -8. Let l(g) be the second derivative of g**4/3 - 2*g**3/3 + 8*g**2 - 3*g. Let k be l(-5). What is the highest common factor of o and k?
17
Suppose -4*k + 5515 = k - 4*r, 0 = 3*k + 4*r - 3277. What is the highest common divisor of 7 and k?
7
Let g(x) = -16 - 6*x + x**2 + 7 + 44. Let q be g(11). What is the highest common divisor of q and 18?
18
Let k = 280 - 244. Calculate the highest common divisor of 18 and k.
18
Let m(s) = -s**2 + 129*s - 1505. Let h be m(13). Suppose 6 = 4*w + r - 3*r, 4*w - r - 7 = 0. What is the greatest common factor of h and w?
1
Let k = -16812 - -16825. Let u = 237 + -106. Suppose -12 = -b + u. What is the highest common factor of b and k?
13
Suppose -12 = -11*c - 56. Let d be -2 - (-25 - (-1 - c)). Calculate the greatest common factor of 65 and d.
13
Let o(k) = k**2 - 5*k + 6. Let z = 0 - -5. Let l be o(z). Let j(p) = 3*p**2 + 3*p - 3. Let u be j(2). What is the highest common factor of l and u?
3
Let n = 139 + -89. Suppose -3*l + 4 = 2*i, 5*i + 28 + 8 = 4*l. Let k(c) = 2*c**2 - 2*c - 4. Let a be k(l). Calculate the greatest common divisor of n and a.
10
Suppose 24*h + 3 - 675 = 0. Calculate the greatest common factor of h and 28.
28
Let i = 9 - 7. Suppose -x + 87 = -3*g, -i*x = -3*x - 4*g + 52. Calculate the highest common divisor of 9 and x.
9
Let v(f) = 3*f + 47. Let k be v(-15). Suppose -4*h + 5*z = -35, -10*z + 5*z - 5 = -k*h. Calculate the highest common divisor of h and 3.
3
Suppose s - 97 = -3*i, -9*i + 157 = -4*i - 3*s. What is the greatest common factor of 104 and i?
8
Let u(w) = -w**3 + 6*w**2 + w - 5. Let q be (-1)/2*(5 - 9). Suppose 0 = -d - q*d + 15. Let k be u(d). What is the highest common factor of 5 and k?
5
Let l = -199 + 227. What is the highest common factor of 336 and l?
28
Suppose 8*q - 11 = 7*q + 3*k, -2*k = 2. What is the highest common factor of 648 and q?
8
Suppose 21 = -22*r + 29*r. Suppose 5*j + 51 = r*v, -2*v - 38 = -4*v + 2*j. Calculate the highest common divisor of 44 and v.
22
Let t = 45 + -15. Suppose 5*c + 25 = 2*h, -2*h + t + 13 = c. Calculate the highest common factor of 10 and h.
10
Let r be ((-20)/(-16))/5 - (-53)/(-4). Let m(a) = -3*a - 16. Let f be m(r). Calculate the highest common factor of f and 69.
23
Let z be 6/(-10) + (-264)/(-15). Let w = 29 - z. Let x be 30/(-9)*1*-9. Calculate the highest common factor of w and x.
6
Suppose -324 = -51*f + 46*f + 4*n, -5*n + 251 = 4*f. Calculate the highest common factor of f and 64.
64
Let u = -1072 + 1098. Calculate the greatest common factor of 1391 and u.
13
Let l(k) = -3*k**2 - k + 24. Let g be l(0). What is the greatest common factor of 114 and g?
6
Let w(f) = -f + 34. Suppose 4*l = 2*l + d + 34, 0 = -l - 5*d - 5. Let p be w(l). Calculate the greatest common divisor of 133 and p.
19
Suppose 5 = -h + 7. Let q be (8 - 5)*(1 - h). Let v(i) = -2*i**3 - 2*i**2 - 5*i - 3. Let u be v(q). What is the greatest common factor of u and 6?
6
Let t(b) = 8*b + 3. Let s be t(5). Suppose s = c - 5*r, 5*c = -3*r - 6 + 81. What is the highest common factor of c and 36?
18
Suppose 6*x - 53 = 3*x - m, -x - m = -21. Calculate the greatest common divisor of 64 and x.
16
Let i(b) = 299*b**2. Let u be i(1). What is the highest common divisor of u and 230?
23
Let p(x) = 5*x - 199. Let v be p(51). What is the highest common factor of v and 12?
4
Let p = -88 - -200. Calculate the greatest common factor of p and 32.
16
Let x = 292 + -131. Calculate the highest common divisor of 46 and x.
23
Let l be (-7)/(7/(-3)) + -3 + -1. Let c(q) = -21*q**3 - 4*q - 4. Let o be c(l). What is the greatest common factor of 7 and o?
7
Let a(b) = 17*b - 139. Let j be a(14). Calculate the greatest common divisor of 55 and j.
11
Suppose -11*g + 257 = -414. Calculate the greatest common divisor of 1403 and g.
61
Let h(c) = 38*c - 3. Let u be h(1). Calculate the greatest common divisor of u and 7.
7
Let f be 25/4 - 2/8. Let z be 3*(62/f - -1). Suppose -3*q - q + 340 = -5*j, 3*q + j - 255 = 0. Calculate the highest common factor of z and q.
17
Suppose 0 = 151*c - 154*c + 108. Calculate the highest common factor of 126 and c.
18
Suppose 0 = 3*k - 6*k + 45. Let o be (-9)/(-18) + k/2. Suppose 50 = o*a - 3*a. What is the greatest common divisor of 70 and a?
10
Let a(r) = -6*r**2 + 2*r - 7. Let v be a(-4). Let c = v + 156. Let z(g) = 6*g. Let m be z(3). Calculate the highest common divisor of c and m.
9
Let r be ((-52)/(-8) + 22)*208/3. What is the greatest common divisor of 26 and r?
26
Let c be (-44)/7 - 8/(-28). Let q be 12*(-2)/c*1. Let s(k) = k**2 + 3*k - 4. Let z be s(q). Calculate the greatest common factor of z and 3.
3
Let a(w) = -w**3 - 29*w**2 - 56*w - 47. Let g be a(-27). What is the greatest common divisor of g and 63?
7
Let h = 71 + -36. Let i(f) = -f + 10. Suppose 0 = -o + 3. Let n be i(o). Calculate the highest common factor of h and n.
7
Suppose -5*x = -2*p - 276, 8*x - 264 = 3*x - 2*p. Let s be (16/10)/(1/10). Suppose -3*l + s = -38. What is the greatest common factor of l and x?
18
Let l(d) = -d**3 - 9*d**2 - 7*d + 3. Let u be l(-8). Let t(m) = -9*m - 15. Let s be t(u). Let g = s + -18. What is the greatest common divisor of 6 and g?
6
Suppose -15 + 24 = -3*p. Let k(g) = g**3 + g**2 - 6*g + 4. Let o be k(p). Calculate the highest common divisor of o and 1.
1
Let x(u) = -u**2 + 10*u - 7. Let k be x(6). Calculate the greatest common divisor of k and 1.
1
Let l = -728 + 1349. Calculate the greatest common factor of l and 23.
23
Suppose 3*q - 3*a + a = 2020, 2*q - a = 1346. Calculate the highest common divisor of 42 and q.
42
Suppose 0 = 4*f - 7*f - 249. Let m = f + 173. Let c(y) = 2*y**3 - 3*y**2 + 4*y - 3. Let l be c(2). Calculate the greatest common divisor of m and l.
9
Suppose -9*f = -246 + 30. Let j be ((-9)/6*-4)/(5/60). Calculate the greatest common divisor of f and j.
24
Suppose 4*n + 20 = 4*v - 2*v, -5*v - n + 6 = 0. What is the greatest common factor of v and 84?
2
Let c = 26 + -25. Let w(b) = -9*b + 2. Let q be w(c). Let x = q - -21. What is the highest common factor of x and 14?
14
Let q = 830 - 574. Suppose -3*d = -2*c + 21 + 243, 2*c - q = d. What is the highest common factor of c and 14?
14
Suppose j + 815 = 3*u - 868, 2*j = -3*u + 1674. What is the highest common divisor of u and 35?
35
Let o = 85 - 57. Calculate the greatest common factor of o and 35.
7
Let d be (-80)/(-14) - 4/(-14). Suppose -2*o = -4*o + d. Suppose 4*h = 5*t + 63, -5*t - 21 - 30 = -o*h. What is the highest common factor of h and 4?
4
Let p(v) = -7*v + 79. Let m be p(7). Let i(n) = -7 + 12*n**2 - 4*n + n**3 - 5*n**2 - 1. Let o be i(-7). Calculate the highest common divisor of o and m.
10
Suppose 0*g - 5*g + 4*z + 672 = 0, 3*z = -2*g + 278. Suppose 4*h + 96 = 16*h. What is the highest common factor of h and g?
8
Let i = 55 + -216. Let v = i